 5*m**3/6 + m**2. Calculate a(c).
1
Let d(z) = 2*z**3 + 2*z - 7. Let m(y) = -y**3 - y**2 - 2*y + 6. Let n(v) = -2*d(v) - 3*m(v). Give n(3).
2
Let r(q) be the second derivative of -q**4/12 - q**3/3 - 2*q**2 - 12*q. Give r(3).
-19
Let j(l) be the third derivative of 7*l**4/12 - l**3/6 - l**2. Suppose 58*d = 49*d - 9. What is j(d)?
-15
Let f(h) = 2*h**2 + 16*h**3 - 1 - 17*h**3 - h + 6*h**2. Calculate f(8).
-9
Suppose -3*f = -5*y - 3, 0 = 5*f - y - 31 + 4. Let g = f + -1. Let d(b) be the second derivative of -b**5/20 + b**4/2 - 7*b**3/6 + 3*b**2/2 + 4*b. Give d(g).
-7
Let c(x) = 3 - 3 - 2*x - 3*x**2. Let h be 2*8/(-7) + 28/98. Calculate c(h).
-8
Let n(y) = -30*y**2 + 0 + 0 + 31*y**2 - 2*y. Suppose -4*v - 4*h = -16, -2 = v - h - 0*h. What is n(v)?
-1
Let o be -1*1*4/20*5. Let m(p) = p**2 + 5*p + 4. Let a(g) be the first derivative of g**2/2 + g - 1. Let f(z) = 3*a(z) - m(z). What is f(o)?
0
Suppose 12 = -3*s + s. Let u(b) be the first derivative of -b**2 - 7*b - 18. Give u(s).
5
Let y(w) = 6*w**2 + 3*w - 3. Let z(d) = -17*d**2 - 8*d + 8. Let m(q) = 11*y(q) + 4*z(q). What is m(2)?
-7
Let q(k) = 9*k**2 - 17*k + 4. Let b(c) = 5*c**2 - 9*c + 2. Let h(a) = 11*b(a) - 6*q(a). Give h(-3).
-2
Let u(s) be the second derivative of 0 + 0*s**2 + 1/3*s**3 + 3*s. Let k = 1 + 0. Determine u(k).
2
Suppose 0 = t + t - 14. Let b(z) = 79 - t*z + z**2 - 85 - 3*z**2 + z**2. Give b(-4).
6
Let q(y) = -y**3 - y**2 + y - 3. Suppose -7*p + 0*p = -14. Let z(a) = 3*a**2 + 2 + 0 - 3*a - 2*a**2. Let v be z(p). Calculate q(v).
-3
Suppose -v - 11 = 2*r, -4*r - 3*v + 3 = 22. Let c(i) = 2*i**2 - 3*i - i**2 - 1 + 12*i + 5. Determine c(r).
-10
Let m(w) = -w**2 - 3*w - 3. Let a = -11 + 7. Give m(a).
-7
Let j(z) = z - 5. Let a(g) = -2*g + 11. Let o(x) = -4*a(x) - 9*j(x). Let w(i) = i**3 - i**2 - i - 6. Let c be w(0). Give o(c).
7
Let m(p) = -4 - 4*p**2 + 5*p + 2*p**2 + p**2. Suppose 5*j + 92 = -4*i - 62, -5*i = j + 14. Let b be 4/18 - j/9. Calculate m(b).
0
Suppose 21 = 3*q + 9. Suppose 5*f - 24 = -2*a - 3, -2*a + 18 = q*f. Let m(u) = -5*u + 0*u + 4*u. Calculate m(f).
-3
Suppose d = 37 - 38. Let h(s) = 5*s - 1. Determine h(d).
-6
Suppose -3*m + 4*u + 3 = -u, -4*m - u = 19. Let a(o) = -o**2 - 3*o - 1. Give a(m).
-5
Let c(s) = -s**2 + s + 2. Let m = -8 - -3. Let z = m - -5. Determine c(z).
2
Suppose 0 = 3*f - 11 + 2. Suppose 2 = f*h - 2*h. Let t be (6/(-4))/(1/h). Let v(w) = -4*w - 4. Determine v(t).
8
Let s(o) be the second derivative of -o**3/3 + o. Suppose 3*x = 3*n + 4*x - 23, 0 = n + x - 9. Let r = 6 - n. Determine s(r).
2
Let x(h) = h**3 + 6*h**2 + 7. Let j(f) = -f**2 - f + 1. Let p(z) = z**3 - 10*z**2 + 3. Let r(y) = -4*j(y) + p(y). Let s be r(5). Determine x(s).
7
Let a(v) be the first derivative of -v**3/3 + 5*v**2 + 9*v - 48. Determine a(11).
-2
Let x be 2 + 1 + -4 + 4. Let y(i) = -i**3 + 2*i**2 + 2*i - 4. Give y(x).
-7
Let c(h) = -1. Let j(i) = i - 10. Let z(t) = 3*c(t) - j(t). Calculate z(7).
0
Suppose 0 = 3*m + 6, -4*l - 3*m + 0 = -2. Let h(g) be the first derivative of -g**2 - 1/3*g**3 + 2*g - l. What is h(2)?
-6
Let y(u) = -u**2 - 6*u - 7. Let m be y(-4). Let d(s) be the first derivative of -s**2/2 - s + 2. Give d(m).
-2
Let s(i) = -2*i**2 + 3*i - 4*i + 0*i + 8*i**2. Let j = 6 + -2. Suppose 0 = -j*r - 0*r - 4. Give s(r).
7
Let j = -58 + 62. Let u(o) = o**3 - 5*o**2 + 2*o - 1. Give u(j).
-9
Let m(d) = 4*d. Let j(b) = -2*b + b + 0*b - 7. Let r be j(-6). Give m(r).
-4
Let g(n) = n**3 + n**2 - 5*n - 1. Let f(v) = v**2 + 1. Let u(z) = 5*f(z) - g(z). Give u(5).
6
Let p(g) = -11*g**2 - 2*g - 1. Let w(m) be the second derivative of 0 + m - 13/2*m**2 - 1/6*m**3. Let n be w(-12). Calculate p(n).
-10
Let n(h) be the first derivative of h**2/2 + 31. What is n(6)?
6
Suppose 4*u - 10 = 2. Let d(w) = -1 - w**2 - 4*w - 4 + u. Calculate d(-5).
-7
Let z(a) = -a**2 + 3*a. Let h(o) = o**2 - 4*o. Let p(n) = -3*h(n) - 4*z(n). Calculate p(0).
0
Let n be 4/10 - 17/5. Let k(p) = 8*p**2 - 10. Let h(q) = 7*q**2 - 9. Let b = 16 + -22. Let i(w) = b*k(w) + 7*h(w). What is i(n)?
6
Let a(j) = -j. Suppose -4*y + 5 = y. Let n(l) = -7*l - 9. Suppose -2*i = 2*t + 18, -5*i - 39 = 4*t - 0*i. Let q(p) = t*a(p) + y*n(p). Give q(0).
-9
Let d(j) = j**3 - 2*j**2 - 2*j - 1. Let k(m) = -m - 1. Suppose g + 7 = 4*p - 3, -2 = -4*p - 3*g. Let n be k(p). Let y = n - -5. Determine d(y).
-5
Let o(f) = -2*f**2 + 5*f. Let n(j) = -j**2 + j. Let t(l) = 3*n(l) - o(l). Determine t(-4).
-8
Let a(p) be the third derivative of -p**4/24 - 4*p**2. Determine a(3).
-3
Let o(l) be the third derivative of 7/6*l**3 + 0 - 4*l**2 - 7/24*l**4 + 1/60*l**5 + 0*l. Calculate o(5).
-3
Let f(w) = -2*w**2 + w. Let z(b) = b**2 + 3*b - 9. Let h(c) = -c**2 - 4*c + 10. Let o(r) = 5*h(r) + 6*z(r). Let m be o(3). Give f(m).
-3
Suppose 3*m - 5*j - 2 = m, -12 = m + 4*j. Let x(w) be the second derivative of w**4/12 + 5*w**3/6 + w**2/2 + 2*w. Determine x(m).
-3
Let s(u) = -u + 8*u + 3*u - 11*u - 7. Let m be s(0). Let y(g) = 2*g + 5. Calculate y(m).
-9
Let a(l) = -l + 14. Let h(q) = -2*q + 27. Let m(n) = 11*a(n) - 6*h(n). Calculate m(6).
-2
Let w(v) = -5 + 2*v - 6 + 10. Determine w(1).
1
Suppose 0 = -z - 5*o + 2, -6*z = -2*z - 2*o - 8. Suppose -z*r = r - 15. Let g(c) = -c**2 - 5*c + r*c**2 + 4*c**3 - 3*c**3 + 1. Give g(-5).
1
Let a(p) = -3 + 4*p + p - 1 - 2*p. Calculate a(-4).
-16
Suppose 5*m - 3*r = 27 + 4, 5*m - 43 = -r. Suppose -4*u + 0 - m = 0. Let z(d) = -4*d + 2 - 2 - 1 + 0*d. Give z(u).
7
Let r(k) = -k - 4. Suppose 1 = 8*m - 9*m. Let b = -1 - -15. Let a be 1 - (m + b/2). Calculate r(a).
1
Suppose 2 = -k - k. Let z(i) be the first derivative of 1/3*i**3 + i**4 + 5 + 0*i + 1/2*i**2. What is z(k)?
-4
Suppose 0 = -5*v - 2*c - 14, 0 = 2*v + 3*v - 3*c + 4. Let m = v + 0. Let d(f) = 2*f - 6. Let y(q) = -4*q + 11. Let p(h) = 11*d(h) + 6*y(h). Calculate p(m).
4
Let u = 15 + -9. Let w(a) be the third derivative of 1/24*a**4 - 1/3*a**3 - 8*a**2 + 0 + 0*a. Calculate w(u).
4
Suppose -2*i - 12 = -2. Let q(d) be the third derivative of d**4/12 + 2*d**3/3 - 2*d**2. Determine q(i).
-6
Let s(k) = -k + 1. Let q(o) = 6*o - 4. Let b(j) = 2*q(j) + 11*s(j). Let h(a) = -a**3 - 9*a**2 - 7*a + 11. Let n be h(-8). What is b(n)?
6
Suppose -5*v + 4*v - 5 = 0. Let o(w) = -3*w + 5. Let k(l) = -8*l + 14. Suppose -9*b - 8 = -7*b. Let m(i) = b*k(i) + 11*o(i). Give m(v).
4
Let w be 3*3/18*6. Suppose 0 = -w*j + 4*j - 5. Let y(g) = g**3 - 5*g**2 + 2*g - 2. What is y(j)?
8
Let f(z) = -z**3 - z - 2. Let y(t) = -3*t**3 - t - 4. Let x(s) = -5*f(s) + 2*y(s). Give x(-2).
4
Let i(x) = -x**3 - 5*x**2 + 2*x + 7. Let a(n) = -6*n**3 + 1. Let f be a(1). Give i(f).
-3
Let o(g) = g**2 - 6*g + 1. Let v be o(6). Let j(w) = -5*w + 4*w - 4 + v. Give j(0).
-3
Let c = 14 - 17. Let f(b) = 2*b**2 + 9*b + 5. Let g(s) = -s**2 + 3. Let x be g(4). Let w(o) = -4*o**2 - 19*o - 11. Let q(i) = x*f(i) - 6*w(i). Give q(c).
-8
Let x(p) be the first derivative of -p**3/3 + 3*p**2/2 - 3*p + 1. Let z(w) = 8*w - 46. Let c be z(6). Determine x(c).
-1
Let x(w) = -w - 1. Let z be x(6). Let g(i) = -i - 1. Give g(z).
6
Let o = 2 + -5. Let d(f) be the second derivative of f**4/12 + f**3/6 - f**2/2 - f. Let t be d(o). Let u(r) = r**3 - 4*r**2 - 7*r + 4. What is u(t)?
-6
Let b(k) = -6*k**3 + 2*k - 1. Let a be (-2)/(-6) + (-44)/6. Let z(h) = -h**3 - 8*h**2 - 8*h - 6. Let i be z(a). Determine b(i).
-5
Let b be (-2)/9 - (-7)/(-9). Let w = b + 0. Let z(r) = -4*r + 1. Calculate z(w).
5
Let l(f) be the third derivative of -f**5/60 - f**4/24 - f**2. Let k(t) = -t**2 - t. Let i(q) = -5*k(q) + 6*l(q). Calculate i(-1).
0
Let x(u) = -u**2 - 8*u - 3. Let n(l) = -l**2 - l. Let s(c) = -3*n(c) + x(c). Give s(4).
9
Let k(w) = 6*w**2 - 8*w - 14. Let n(u) = -2*u**2 + 3*u + 5. Let p(z) = -3*k(z) - 8*n(z). Determine p(2).
-6
Let a(j) = -3*j + 10. Let c(r) = -4*r + 11. Let l(p) = 7*a(p) - 6*c(p). Calculate l(-3).
-5
Let k = 3 - 6. Let v be (-21)/(-12) + (-1)/(-4). Let o(a) = 1 + a + 5*a + v + a**2. What is o(k)?
-6
Let x(n) = 7*n**2 - 1. Suppose -2*p + 3*v = 3*p - 33, 3*p - 4*v = 22. Let u be (6/4)/(3/p). Suppose 2*h - y - 1 = -2*y, 6 = u*h - 3*y. Determine x(h).
6
Suppose -r + 5*x = 19, 5*r + 4*x - 16 = 5. Let q(t) = 3*t**3 + t. What is q(r)?
4
Let c(a) be the third derivative of -11*a**4/24 - a**3/6 + 29*a**2. Determine c(1).
-12
Let v(u) = 3 + 2 -